REPLACE INTO `rvs_category` (`rvs_category_id`, `category_name`, `category_sh_name`) VALUES ('4', 'Computer and Technology', 'ct');
REPLACE INTO `rvs_charset` (`charset_id`, `charset_name`, `charset_value`, `xml_lang`) VALUES ('17', 'english', 'iso-8859-15', 'en');
REPLACE INTO `rvs_color` (`color_id`, `color_name`, `color_code`) VALUES ('28', 'Darkgreen', '006400');
REPLACE INTO `rvs_color_group` (`color_group_id`, `color_id`) VALUES ('4', '28');
REPLACE INTO `rvs_color_group_name` (`color_group_id`, `default_color_id`) VALUES ('4', '28');
REPLACE INTO rvs_component (rvs_component_id,component_name,rvs_owner_usr_id,use_wysiwyg) VALUES ('63c5b7c06fd0503c780794d0c4efc595','Online_Form','5d99f9f7d5d676d41ec575555d69e0df','1');
REPLACE INTO rvs_component (rvs_component_id,component_name,rvs_owner_usr_id,use_wysiwyg) VALUES ('53ec1e90a54b844dcfecf50a1f9ea0ae','ComponentAndUserFramework','5d99f9f7d5d676d41ec575555d69e0df','0');
REPLACE INTO rvs_component_config (rvs_component_id,component_config,component_value) VALUES ('63c5b7c06fd0503c780794d0c4efc595','active','1');
REPLACE INTO rvs_component_config (rvs_component_id,component_config,component_value) VALUES ('63c5b7c06fd0503c780794d0c4efc595','isResellerConfig','1');
REPLACE INTO rvs_component_config (rvs_component_id,component_config,component_value) VALUES ('53ec1e90a54b844dcfecf50a1f9ea0ae','active','1');
REPLACE INTO rvs_component_config (rvs_component_id,component_config,component_value) VALUES ('53ec1e90a54b844dcfecf50a1f9ea0ae','isResellerConfig','0');
REPLACE INTO `rvs_font` (`font_id`, `font_name`) VALUES ('12', 'Verdana');
REPLACE INTO `rvs_internal_page` (`internal_page_id`, `project_id`, `project_page_id`) VALUES ('3af273a1225428297e0ddde9c0157c21', '63b1a0180d9875b204b0a59a673b5c13', '5f27e4ec0afabc4603f17953c5040fd2');
REPLACE INTO `forms` (`id`, `username`, `title`, `height`, `status`) VALUES ('a49d04569e20882295b876c7f181da5c', '63b1a0180d9875b204b0a59a673b5c13', 'contact us', '40', 'undefined');
REPLACE INTO `questions` (`form_id`, `id`, `order`, `type`) VALUES ('a49d04569e20882295b876c7f181da5c', '0', '1', 'control_textbox');
REPLACE INTO `questions` (`form_id`, `id`, `order`, `type`) VALUES ('a49d04569e20882295b876c7f181da5c', '1', '2', 'control_textbox');
REPLACE INTO `questions` (`form_id`, `id`, `order`, `type`) VALUES ('a49d04569e20882295b876c7f181da5c', '2', '3', 'control_textbox');
REPLACE INTO `questions` (`form_id`, `id`, `order`, `type`) VALUES ('a49d04569e20882295b876c7f181da5c', '7', '5', 'control_textarea');
REPLACE INTO `questions` (`form_id`, `id`, `order`, `type`) VALUES ('a49d04569e20882295b876c7f181da5c', '8', '6', 'control_button');
REPLACE INTO `questions` (`form_id`, `id`, `order`, `type`) VALUES ('a49d04569e20882295b876c7f181da5c', '12', '4', 'control_textbox');
REPLACE INTO `question_properties` (`form_id`, `question_id`, `prop`, `value`) VALUES ('a49d04569e20882295b876c7f181da5c', '0', 'desc', NULL);
REPLACE INTO `question_properties` (`form_id`, `question_id`, `prop`, `value`) VALUES ('a49d04569e20882295b876c7f181da5c', '0', 'maxsize', '100');
REPLACE INTO `question_properties` (`form_id`, `question_id`, `prop`, `value`) VALUES ('a49d04569e20882295b876c7f181da5c', '0', 'required', 'yes');
REPLACE INTO `question_properties` (`form_id`, `question_id`, `prop`, `value`) VALUES ('a49d04569e20882295b876c7f181da5c', '0', 'senderemail', 'no');
REPLACE INTO `question_properties` (`form_id`, `question_id`, `prop`, `value`) VALUES ('a49d04569e20882295b876c7f181da5c', '0', 'size', '20');
REPLACE INTO `question_properties` (`form_id`, `question_id`, `prop`, `value`) VALUES ('a49d04569e20882295b876c7f181da5c', '0', 'text', 'First Name');
REPLACE INTO `question_properties` (`form_id`, `question_id`, `prop`, `value`) VALUES ('a49d04569e20882295b876c7f181da5c', '0', 'validation', 'no');
REPLACE INTO `question_properties` (`form_id`, `question_id`, `prop`, `value`) VALUES ('a49d04569e20882295b876c7f181da5c', '1', 'desc', NULL);
REPLACE INTO `question_properties` (`form_id`, `question_id`, `prop`, `value`) VALUES ('a49d04569e20882295b876c7f181da5c', '1', 'maxsize', '100');
REPLACE INTO `question_properties` (`form_id`, `question_id`, `prop`, `value`) VALUES ('a49d04569e20882295b876c7f181da5c', '1', 'required', 'yes');
REPLACE INTO `question_properties` (`form_id`, `question_id`, `prop`, `value`) VALUES ('a49d04569e20882295b876c7f181da5c', '1', 'size', '20');
REPLACE INTO `question_properties` (`form_id`, `question_id`, `prop`, `value`) VALUES ('a49d04569e20882295b876c7f181da5c', '1', 'text', 'Last Name');
REPLACE INTO `question_properties` (`form_id`, `question_id`, `prop`, `value`) VALUES ('a49d04569e20882295b876c7f181da5c', '1', 'validation', 'no');
REPLACE INTO `question_properties` (`form_id`, `question_id`, `prop`, `value`) VALUES ('a49d04569e20882295b876c7f181da5c', '2', 'desc', NULL);
REPLACE INTO `question_properties` (`form_id`, `question_id`, `prop`, `value`) VALUES ('a49d04569e20882295b876c7f181da5c', '2', 'maxsize', '100');
REPLACE INTO `question_properties` (`form_id`, `question_id`, `prop`, `value`) VALUES ('a49d04569e20882295b876c7f181da5c', '2', 'required', 'yes');
REPLACE INTO `question_properties` (`form_id`, `question_id`, `prop`, `value`) VALUES ('a49d04569e20882295b876c7f181da5c', '2', 'size', '20');
REPLACE INTO `question_properties` (`form_id`, `question_id`, `prop`, `value`) VALUES ('a49d04569e20882295b876c7f181da5c', '2', 'text', 'E-mail');
REPLACE INTO `question_properties` (`form_id`, `question_id`, `prop`, `value`) VALUES ('a49d04569e20882295b876c7f181da5c', '2', 'validation', 'Email');
REPLACE INTO `question_properties` (`form_id`, `question_id`, `prop`, `value`) VALUES ('a49d04569e20882295b876c7f181da5c', '7', 'cols', '35');
REPLACE INTO `question_properties` (`form_id`, `question_id`, `prop`, `value`) VALUES ('a49d04569e20882295b876c7f181da5c', '7', 'desc', NULL);
REPLACE INTO `question_properties` (`form_id`, `question_id`, `prop`, `value`) VALUES ('a49d04569e20882295b876c7f181da5c', '7', 'required', 'yes');
REPLACE INTO `question_properties` (`form_id`, `question_id`, `prop`, `value`) VALUES ('a49d04569e20882295b876c7f181da5c', '7', 'rows', '10');
REPLACE INTO `question_properties` (`form_id`, `question_id`, `prop`, `value`) VALUES ('a49d04569e20882295b876c7f181da5c', '7', 'text', 'Your Message');
REPLACE INTO `question_properties` (`form_id`, `question_id`, `prop`, `value`) VALUES ('a49d04569e20882295b876c7f181da5c', '7', 'validation', 'no');
REPLACE INTO `question_properties` (`form_id`, `question_id`, `prop`, `value`) VALUES ('a49d04569e20882295b876c7f181da5c', '8', 'clear', 'no');
REPLACE INTO `question_properties` (`form_id`, `question_id`, `prop`, `value`) VALUES ('a49d04569e20882295b876c7f181da5c', '8', 'submittext', 'Submit');
REPLACE INTO `question_properties` (`form_id`, `question_id`, `prop`, `value`) VALUES ('a49d04569e20882295b876c7f181da5c', '8', 'text', NULL);
REPLACE INTO `question_properties` (`form_id`, `question_id`, `prop`, `value`) VALUES ('a49d04569e20882295b876c7f181da5c', '12', 'desc', NULL);
REPLACE INTO `question_properties` (`form_id`, `question_id`, `prop`, `value`) VALUES ('a49d04569e20882295b876c7f181da5c', '12', 'maxsize', '100');
REPLACE INTO `question_properties` (`form_id`, `question_id`, `prop`, `value`) VALUES ('a49d04569e20882295b876c7f181da5c', '12', 'required', 'no');
REPLACE INTO `question_properties` (`form_id`, `question_id`, `prop`, `value`) VALUES ('a49d04569e20882295b876c7f181da5c', '12', 'size', '20');
REPLACE INTO `question_properties` (`form_id`, `question_id`, `prop`, `value`) VALUES ('a49d04569e20882295b876c7f181da5c', '12', 'text', 'Phone');
REPLACE INTO `question_properties` (`form_id`, `question_id`, `prop`, `value`) VALUES ('a49d04569e20882295b876c7f181da5c', '12', 'validation', 'no');
REPLACE INTO `question_properties` (`form_id`, `question_id`, `prop`, `value`) VALUES ('a49d04569e20882295b876c7f181da5c', '999', 'alignment', 'default');
REPLACE INTO `question_properties` (`form_id`, `question_id`, `prop`, `value`) VALUES ('a49d04569e20882295b876c7f181da5c', '999', 'background', 'white');
REPLACE INTO `question_properties` (`form_id`, `question_id`, `prop`, `value`) VALUES ('a49d04569e20882295b876c7f181da5c', '999', 'conf_body', 'Thanks for submitting our form, we will get back to you as soon as possible.');
REPLACE INTO `question_properties` (`form_id`, `question_id`, `prop`, `value`) VALUES ('a49d04569e20882295b876c7f181da5c', '999', 'conf_send', 'no');
REPLACE INTO `question_properties` (`form_id`, `question_id`, `prop`, `value`) VALUES ('a49d04569e20882295b876c7f181da5c', '999', 'conf_subj', 'Submission Received');
REPLACE INTO `question_properties` (`form_id`, `question_id`, `prop`, `value`) VALUES ('a49d04569e20882295b876c7f181da5c', '999', 'disabled', 'Enabled');
REPLACE INTO `question_properties` (`form_id`, `question_id`, `prop`, `value`) VALUES ('a49d04569e20882295b876c7f181da5c', '999', 'email', 'yes');
REPLACE INTO `question_properties` (`form_id`, `question_id`, `prop`, `value`) VALUES ('a49d04569e20882295b876c7f181da5c', '999', 'email_addr', 'careers@novoproso.com');
REPLACE INTO `question_properties` (`form_id`, `question_id`, `prop`, `value`) VALUES ('a49d04569e20882295b876c7f181da5c', '999', 'ext_sendpostdata', 'no');
REPLACE INTO `question_properties` (`form_id`, `question_id`, `prop`, `value`) VALUES ('a49d04569e20882295b876c7f181da5c', '999', 'font', 'Verdana');
REPLACE INTO `question_properties` (`form_id`, `question_id`, `prop`, `value`) VALUES ('a49d04569e20882295b876c7f181da5c', '999', 'fontcolor', '#464b4d');
REPLACE INTO `question_properties` (`form_id`, `question_id`, `prop`, `value`) VALUES ('a49d04569e20882295b876c7f181da5c', '999', 'fontsize', '12');
REPLACE INTO `question_properties` (`form_id`, `question_id`, `prop`, `value`) VALUES ('a49d04569e20882295b876c7f181da5c', '999', 'not_subj', 'New Submission: {qForm Title}');
REPLACE INTO `question_properties` (`form_id`, `question_id`, `prop`, `value`) VALUES ('a49d04569e20882295b876c7f181da5c', '999', 'rvcolor', 'JF028.ini.php');
REPLACE INTO `question_properties` (`form_id`, `question_id`, `prop`, `value`) VALUES ('a49d04569e20882295b876c7f181da5c', '999', 'sendpostdata', 'yes');
REPLACE INTO `question_properties` (`form_id`, `question_id`, `prop`, `value`) VALUES ('a49d04569e20882295b876c7f181da5c', '999', 'spamcheck', 'Enabled');
REPLACE INTO `question_properties` (`form_id`, `question_id`, `prop`, `value`) VALUES ('a49d04569e20882295b876c7f181da5c', '999', 'thanktext', 'Thanks for submitting our form, we will get back to you as soon as possible.');
REPLACE INTO `question_properties` (`form_id`, `question_id`, `prop`, `value`) VALUES ('a49d04569e20882295b876c7f181da5c', '999', 'theme', 'Default');
REPLACE INTO `question_properties` (`form_id`, `question_id`, `prop`, `value`) VALUES ('a49d04569e20882295b876c7f181da5c', '999', 'use_buildin_formmail', 'yes');
REPLACE INTO `question_properties` (`form_id`, `question_id`, `prop`, `value`) VALUES ('a49d04569e20882295b876c7f181da5c', '999', 'width', '100%');
REPLACE INTO `question_utf8` (`form_id`, `utf8format`) VALUES ('a49d04569e20882295b876c7f181da5c', '1');
REPLACE INTO `rvs_layout_template` (`layout_template_id`, `layout_template_name`, `layout_template_data`, `layout_template_desc`, `layout_template_preview`, `layout_template_head`, `layout_group_id`) VALUES ('524a5e9b32f85d2e8ce925e4b528ffc1', 'General style 10', '<!-- ####### LAYOUT CSS: MODIFY COLOR, FONT AND BOX SIZE HERE BUT DO NOT DELETE. ####### -->\r\n\r\n<style type=\"text/css\">\r\n\r\n.type10b{ \r\n  font-weight:bold;\r\n   color:#717171;\r\n}\r\n.type10right_ext{background-image:url(images/right_ex_t.gif);}\r\n.type10right_exb{background-image:url(images/right_ex_b.gif);}\r\n.type10right_exl{background-image:url(images/right_ex_l.gif);}\r\n.type10right_exr{background-image:url(images/right_ex_r.gif);}\r\n.type10block_ext{background-image:url(images/block_ex_t.gif);}\r\n.type10block_exb{background-image:url(images/block_ex_b.gif);}\r\n.type10block_exl{background-image:url(images/block_ex_l.gif);}\r\n.type10block_exr{background-image:url(images/block_ex_r.gif);}\r\n\r\n.type10bgblock{\r\n  background-image:url(images/bgblock.gif);\r\n   color:#FFFFFF;\r\n  text-align:left;\r\n}\r\n\r\n.type10right_line{background-image:url(images/right_line.gif);}\r\n.type10rightpad01{\r\n  padding:13px 3px;\r\n   text-align:left;\r\n}\r\n.type10rightpad02{\r\n padding:8px 3px;\r\n    text-align:left;\r\n    color:#717171;\r\n}\r\n.type10bgwhite{\r\n  background-color:#FFFFFF;\r\n}\r\n.type10txtbody{color:#717171;}\r\n</style>\r\n<!-- ########################### END CSS LAYOUT ###########################  -->\r\n<table cellpadding=\"0\" cellspacing=\"0\" class=\"type10bgwhite\">\r\n  <tr>\r\n     <td valign=\"top\">\r\n       <table cellpadding=\"0\" cellspacing=\"0\" width=\"100%\">\r\n            <tr>\r\n              <td width=\"70%\" align=\"left\" valign=\"top\">\r\n                <table cellpadding=\"5\" cellspacing=\"0\" width=\"100%\">\r\n                    <tr>\r\n                        <td align=\"left\" valign=\"top\"><img src=\"images/180x60.gif\" alt=\"\" width=\"180\" height=\"60\" /></td>\r\n                       <td align=\"left\" valign=\"top\" class=\"type10txtbody\">\r\n                            <div class=\"type10b\">Europan lingues</div>\r\n                          <div align=\"left\">Lorem ipsum dolor sit amet, consetetur sadipscing elitr, sed diam nonumy eirmod tempor invidunt ut labore et dolore magna aliquyam erat, sed diam voluptua. </div>\r\n</td>\r\n                   </tr>\r\n               </table>\r\n                <br />\r\n              <table cellpadding=\"5\" cellspacing=\"0\" width=\"100%\">\r\n                    <tr>\r\n                        <td align=\"left\" valign=\"top\" width=\"30%\">\r\n                          <table cellpadding=\"0\" cellspacing=\"0\" width=\"100%\">\r\n                                <tr>\r\n                                    <td align=\"left\" valign=\"top\"><img src=\"images/block01.gif\" alt=\"\" width=\"10\" height=\"10\" /></td>\r\n                                   <td class=\"type10block_ext\" width=\"99%\"><img src=\"images/spacer.gif\" alt=\"\" width=\"1\" height=\"10\" /></td>\r\n                                   <td valign=\"top\" align=\"right\"><img src=\"images/block02.gif\" alt=\"\" width=\"10\" height=\"10\" /></td>\r\n                              </tr>\r\n                               <tr>\r\n                                    <td align=\"left\" valign=\"top\" class=\"type10block_exl\"><img src=\"images/block05.gif\" alt=\"\" width=\"10\" height=\"71\" /></td>\r\n                                   <td valign=\"top\" class=\"type10bgblock\" width=\"99%\">Lorem ipsum dolor sit amet, consetetur sadipscing elitr, sed diam nonumy eirmod tempor invidunt ut labore et dolore magna aliquyam erat, sed diam voluptua. </td>\r\n                                    <td valign=\"top\" align=\"right\" class=\"type10block_exr\"><img src=\"images/block06.gif\" alt=\"\" width=\"10\" height=\"71\" /></td>\r\n                              </tr>\r\n                               <tr>\r\n                                    <td align=\"left\" valign=\"top\"><img src=\"images/block03.gif\" alt=\"\" width=\"10\" height=\"29\" /></td>\r\n                                   <td class=\"type10block_exb\" width=\"99%\"></td>\r\n                                   <td valign=\"top\" align=\"right\"><img src=\"images/block04.gif\" alt=\"\" width=\"10\" height=\"29\" /></td>\r\n                              </tr>\r\n                           </table>\r\n                        </td>\r\n                     <td align=\"left\" valign=\"top\" width=\"30%\">\r\n                            <table cellpadding=\"0\" cellspacing=\"0\" width=\"100%\">\r\n                                <tr>\r\n                                    <td align=\"left\" valign=\"top\"><img src=\"images/block01.gif\" alt=\"\" width=\"10\" height=\"10\" /></td>\r\n                                   <td class=\"type10block_ext\" width=\"99%\"><img src=\"images/spacer.gif\" alt=\"\" width=\"1\" height=\"10\" /></td>\r\n                                   <td valign=\"top\" align=\"right\"><img src=\"images/block02.gif\" alt=\"\" width=\"10\" height=\"10\" /></td>\r\n                              </tr>\r\n                               <tr>\r\n                                    <td align=\"left\" valign=\"top\" class=\"type10block_exl\"><img src=\"images/block05.gif\" alt=\"\" width=\"10\" height=\"71\" /></td>\r\n                                   <td valign=\"top\" class=\"type10bgblock\" width=\"99%\">Lorem ipsum dolor sit amet, consetetur sadipscing elitr, sed diam nonumy eirmod tempor invidunt ut labore et dolore magna aliquyam erat, sed diam voluptua. </td>\r\n                                    <td valign=\"top\" align=\"right\" class=\"type10block_exr\"><img src=\"images/block06.gif\" alt=\"\" width=\"10\" height=\"71\" /></td>\r\n                              </tr>\r\n                               <tr>\r\n                                    <td align=\"left\" valign=\"top\"><img src=\"images/block03.gif\" alt=\"\" width=\"10\" height=\"29\" /></td>\r\n                                   <td class=\"type10block_exb\" width=\"99%\"></td>\r\n                                   <td valign=\"top\" align=\"right\"><img src=\"images/block04.gif\" alt=\"\" width=\"10\" height=\"29\" /></td>\r\n                              </tr>\r\n                           </table>\r\n                        </td>\r\n                       <td align=\"left\" valign=\"top\" width=\"30%\">\r\n                          <table cellpadding=\"0\" cellspacing=\"0\" width=\"100%\">\r\n                                <tr>\r\n                                    <td align=\"left\" valign=\"top\"><img src=\"images/block01.gif\" alt=\"\" width=\"10\" height=\"10\" /></td>\r\n                                   <td class=\"type10block_ext\" width=\"99%\"><img src=\"images/spacer.gif\" alt=\"\" width=\"1\" height=\"10\" /></td>\r\n                                   <td valign=\"top\" align=\"right\"><img src=\"images/block02.gif\" alt=\"\" width=\"10\" height=\"10\" /></td>\r\n                              </tr>\r\n                               <tr>\r\n                                    <td align=\"left\" valign=\"top\" class=\"type10block_exl\"><img src=\"images/block05.gif\" alt=\"\" width=\"10\" height=\"71\" /></td>\r\n                                   <td valign=\"top\" class=\"type10bgblock\" width=\"99%\">Lorem ipsum dolor sit amet, consetetur sadipscing elitr, sed diam nonumy eirmod tempor invidunt ut labore et dolore magna aliquyam erat, sed diam voluptua. </td>\r\n                                    <td valign=\"top\" align=\"right\" class=\"type10block_exr\"><img src=\"images/block06.gif\" alt=\"\" width=\"10\" height=\"71\" /></td>\r\n                              </tr>\r\n                               <tr>\r\n                                    <td align=\"left\" valign=\"top\"><img src=\"images/block03.gif\" alt=\"\" width=\"10\" height=\"29\" /></td>\r\n                                   <td class=\"type10block_exb\" width=\"99%\"></td>\r\n                                   <td valign=\"top\" align=\"right\"><img src=\"images/block04.gif\" alt=\"\" width=\"10\" height=\"29\" /></td>\r\n                              </tr>\r\n                           </table>\r\n                        </td>\r\n                   </tr>\r\n               </table>\r\n                <br />\r\n              <table cellpadding=\"5\" cellspacing=\"0\" width=\"100%\">\r\n                    <tr>\r\n                        <td width=\"30%\" align=\"left\" valign=\"top\">\r\n                          <table cellpadding=\"0\" cellspacing=\"0\" width=\"100%\">\r\n                                <tr>\r\n                                    <td class=\"type10rightpad01\" valign=\"top\"><img src=\"images/bullet.gif\" alt=\"\" width=\"3\" height=\"5\" /></td>\r\n                                  <td class=\"type10rightpad02\">Pro quo hic escorol.Defacto lingo</td>\r\n                             </tr>\r\n                               <tr>\r\n                                    <td class=\"type10rightpad01\" valign=\"top\"><img src=\"images/bullet.gif\" alt=\"\" width=\"3\" height=\"5\" /></td>\r\n                                  <td class=\"type10rightpad02\">Pro quo hic escorol.Defacto lingo</td>\r\n                             </tr>\r\n                               <tr>\r\n                                    <td class=\"type10rightpad01\" valign=\"top\"><img src=\"images/bullet.gif\" alt=\"\" width=\"3\" height=\"5\" /></td>\r\n                                  <td class=\"type10rightpad02\">Pro quo hic escorol.Defacto lingo</td>\r\n                             </tr>\r\n                           </table>\r\n                        </td>\r\n                       <td width=\"30%\" align=\"left\" valign=\"top\">\r\n                          <table cellpadding=\"0\" cellspacing=\"0\" width=\"100%\">\r\n                                <tr>\r\n                                    <td class=\"type10rightpad01\" valign=\"top\"><img src=\"images/bullet.gif\" alt=\"\" width=\"3\" height=\"5\" /></td>\r\n                                  <td class=\"type10rightpad02\">Pro quo hic escorol.Defacto lingo</td>\r\n                             </tr>\r\n                               <tr>\r\n                                    <td class=\"type10rightpad01\" valign=\"top\"><img src=\"images/bullet.gif\" alt=\"\" width=\"3\" height=\"5\" /></td>\r\n                                  <td class=\"type10rightpad02\">Pro quo hic escorol.Defacto lingo</td>\r\n                             </tr>\r\n                               <tr>\r\n                                    <td class=\"type10rightpad01\" valign=\"top\"><img src=\"images/bullet.gif\" alt=\"\" width=\"3\" height=\"5\" /></td>\r\n                                  <td class=\"type10rightpad02\">Pro quo hic escorol.Defacto lingo</td>\r\n                             </tr>\r\n                           </table>\r\n                        </td>\r\n                       <td width=\"30%\" align=\"left\" valign=\"top\">\r\n                      <table cellpadding=\"0\" cellspacing=\"0\" width=\"100%\">\r\n                                <tr>\r\n                                    <td class=\"type10rightpad01\" valign=\"top\"><img src=\"images/bullet.gif\" alt=\"\" width=\"3\" height=\"5\" /></td>\r\n                                  <td class=\"type10rightpad02\">Pro quo hic escorol.Defacto lingo</td>\r\n                             </tr>\r\n                               <tr>\r\n                                    <td class=\"type10rightpad01\" valign=\"top\"><img src=\"images/bullet.gif\" alt=\"\" width=\"3\" height=\"5\" /></td>\r\n                                  <td class=\"type10rightpad02\">Pro quo hic escorol.Defacto lingo</td>\r\n                             </tr>\r\n                               <tr>\r\n                                    <td class=\"type10rightpad01\" valign=\"top\"><img src=\"images/bullet.gif\" alt=\"\" width=\"3\" height=\"5\" /></td>\r\n                                  <td class=\"type10rightpad02\">Pro quo hic escorol.Defacto lingo</td>\r\n                             </tr>\r\n                         </table>\r\n                      </td>\r\n                   </tr>\r\n               </table>\r\n              </td>\r\n             <td width=\"30%\" align=\"left\" valign=\"top\">\r\n                  <table cellpadding=\"0\" cellspacing=\"0\" width=\"100%\">\r\n                        <tr>\r\n                            <td align=\"left\" valign=\"top\"><img src=\"images/rightcorner01.gif\" alt=\"\" width=\"15\" height=\"17\" /></td>\r\n                         <td class=\"type10right_ext\" width=\"99%\"></td>\r\n                           <td align=\"right\" valign=\"top\"><img src=\"images/rightcorner02.gif\" alt=\"\" width=\"16\" height=\"17\" /></td>\r\n                        </tr>\r\n                       <tr>\r\n                            <td class=\"type10right_exl\" ></td>\r\n                          <td align=\"left\" valign=\"top\">\r\n                              <table cellpadding=\"0\" cellspacing=\"0\" width=\"100%\" class=\"type10bgwhite\">\r\n                                  <tr>\r\n                                        <td align=\"left\" valign=\"top\" colspan=\"2\">\r\n                                      <div class=\"type10b\">Europan lingues</div></td>\r\n                                 </tr>\r\n                                   <tr>\r\n                                        <td class=\"type10rightpad01\" valign=\"top\"><img src=\"images/right_bullet.gif\" alt=\"\" width=\"5\" height=\"5\" /></td>\r\n                                        <td class=\"type10rightpad02\">Pro quo hic escorol.Defacto lingo</td>\r\n                                 </tr>\r\n                                   <tr><td class=\"type10right_line\" colspan=\"2\"><img src=\"images/spacer.gif\" alt=\"\" width=\"1\" height=\"2\" /></td></tr>  \r\n                                                                        <tr>\r\n                                        <td class=\"type10rightpad01\" valign=\"top\"><img src=\"images/right_bullet.gif\" alt=\"\" width=\"5\" height=\"5\" /></td>\r\n                                        <td class=\"type10rightpad02\">Pro quo hic escorol.Defacto lingo</td>\r\n                                 </tr>\r\n                                   <tr><td class=\"type10right_line\" colspan=\"2\"><img src=\"images/spacer.gif\" alt=\"\" width=\"1\" height=\"2\" /></td></tr>\r\n                                                                      <tr>\r\n                                        <td class=\"type10rightpad01\" valign=\"top\"><img src=\"images/right_bullet.gif\" alt=\"\" width=\"5\" height=\"5\" /></td>\r\n                                        <td class=\"type10rightpad02\">Pro quo hic escorol.Defacto lingo</td>\r\n                                 </tr>\r\n                                   <tr><td class=\"type10right_line\" colspan=\"2\"><img src=\"images/spacer.gif\" alt=\"\" width=\"1\" height=\"2\" /></td></tr>\r\n                                                                      <tr>\r\n                                        <td class=\"type10rightpad01\" valign=\"top\"><img src=\"images/right_bullet.gif\" alt=\"\" width=\"5\" height=\"5\" /></td>\r\n                                        <td class=\"type10rightpad02\">Pro quo hic escorol.Defacto lingo</td>\r\n                                 </tr>\r\n                                   <tr><td class=\"type10right_line\" colspan=\"2\"><img src=\"images/spacer.gif\" alt=\"\" width=\"1\" height=\"2\" /></td></tr>\r\n                                                                      <tr>\r\n                                        <td class=\"type10rightpad01\" valign=\"top\"><img src=\"images/right_bullet.gif\" alt=\"\" width=\"5\" height=\"5\" /></td>\r\n                                        <td class=\"type10rightpad02\">Pro quo hic escorol.Defacto lingo</td>\r\n                                 </tr>\r\n                                   <tr><td class=\"type10right_line\" colspan=\"2\"><img src=\"images/spacer.gif\" alt=\"\" width=\"1\" height=\"2\" /></td></tr>\r\n                              </table>\r\n                            </td>\r\n                           <td class=\"type10right_exr\" align=\"right\"></td>\r\n                     </tr>\r\n                       <tr>\r\n                            <td align=\"left\" valign=\"top\"><img src=\"images/rightcorner03.gif\" alt=\"\" width=\"15\" height=\"17\" /></td>\r\n                         <td class=\"type10right_exb\" width=\"99%\"></td>\r\n                           <td align=\"right\" valign=\"top\"><img src=\"images/rightcorner04.gif\" alt=\"\" width=\"16\" height=\"17\" /></td>\r\n                        </tr>\r\n                   </table>\r\n                </td>\r\n           </tr>\r\n       </table>        \r\n    </td>\r\n  </tr>\r\n</table>', '', 'b_layout10.jpg', '', '3');
REPLACE INTO `rvs_layout_group` (`layout_group_id`, `layout_group_name`, `layout_category_id`) VALUES ('3', 'general style', '1');
REPLACE INTO `rvs_link` (`rvs_link_id`, `dialog_option`, `fullscreen`, `external_url`, `toolbar`, `location`, `status_bar`, `menubar`, `resizeable`, `scrollbars`, `size_width`, `size_height`) VALUES ('98419d44d2c93664211ef5fd4ce0139b', '{\"title\":\"\",\"resizable\":true,\"draggable\":true}', '1', '', '1', '1', '0', '1', '1', '1', '0', '0');
REPLACE INTO `rvs_navigator_name` (`navigator_name_id`, `navigator_name`) VALUES ('25', 'h_navigator_style1');
REPLACE INTO `rvs_navigator` (`navigator_id`, `menustyle_id`, `navigator_name_id`) VALUES ('75', '2', '9');
REPLACE INTO `rvs_project_page_out_seggestion` (`project_page_id`, `out_suggestion_id`) VALUES ('0274faa14a3ef87fcac1faf2d7579910', '9');
REPLACE INTO `rvs_project_page_out_seggestion` (`project_page_id`, `out_suggestion_id`) VALUES ('ffb77aefabb9eff63a0393a36da4893e', '0');
REPLACE INTO `rvs_project_page_out_seggestion` (`project_page_id`, `out_suggestion_id`) VALUES ('8e60a5853c9a790932b736d8ce091263', '0');
REPLACE INTO `rvs_project_page_out_seggestion` (`project_page_id`, `out_suggestion_id`) VALUES ('214280225ed279cb3ca103f1f49dd50c', '0');
REPLACE INTO `rvs_project_page_out_seggestion` (`project_page_id`, `out_suggestion_id`) VALUES ('ef7322f30194d207d08c9c6cd89545f5', '0');
REPLACE INTO `rvs_project_page_out_seggestion` (`project_page_id`, `out_suggestion_id`) VALUES ('e5956c0f2e9ccc0c1d32d144dec75f11', '0');
REPLACE INTO `rvs_project_page_out_seggestion` (`project_page_id`, `out_suggestion_id`) VALUES ('1fc0d890c4ad039f772522ebc605a6b4', '0');
REPLACE INTO `rvs_project_page_out_seggestion` (`project_page_id`, `out_suggestion_id`) VALUES ('bbdc66440cb14d0e68cdbbb686b93171', '0');
REPLACE INTO `rvs_project_page_out_seggestion` (`project_page_id`, `out_suggestion_id`) VALUES ('92d6d13fba9dbde14dd78eeea0319d1d', '0');
REPLACE INTO `rvs_project_page_out_seggestion` (`project_page_id`, `out_suggestion_id`) VALUES ('ccd7d6fc8bb1c98fc66267f99acf0f31', '0');
REPLACE INTO `rvs_project_page_out_seggestion` (`project_page_id`, `out_suggestion_id`) VALUES ('602e6d7d2f0e2a5fa14c4f34c7c5d147', '0');
REPLACE INTO `rvs_project_page_out_seggestion` (`project_page_id`, `out_suggestion_id`) VALUES ('f7350c5a3dd3a7f7a538d61644a062a5', '0');
REPLACE INTO `rvs_project_page_out_seggestion` (`project_page_id`, `out_suggestion_id`) VALUES ('e3667b50660aaf5b724208c0db5a7f90', '0');
REPLACE INTO `rvs_project_page_out_seggestion` (`project_page_id`, `out_suggestion_id`) VALUES ('e385b211f5ff24565d99398f5f7fb05d', '0');
REPLACE INTO `rvs_project_page_out_seggestion` (`project_page_id`, `out_suggestion_id`) VALUES ('a66eb8f0a6b9fd67e85df4ebdba93003', '0');
REPLACE INTO `rvs_out_suggestion` (`out_suggestion_id`, `out_suggestion_name`, `description_keylang`) VALUES ('9', 'Contact Us@@Online_Form', 'our suggestion Contact Us description');
REPLACE INTO `rvs_picture` (`picture_id`, `picture_name`) VALUES ('3be8c82484190846ecd8ab406398787b', 'earth');
REPLACE INTO rvs_project (project_id,project_info_id,rvs_usr_id,project_name,project_directory,utf8format) VALUES ('63b1a0180d9875b204b0a59a673b5c13','d6990af489f39de1d01d8957b1f27c4f','6eb136f6c13b4aa641671608694f692a','novoprosoinc_prototype1','','1');
REPLACE INTO `rvs_project_info` (`project_info_id`, `template_item_id`, `font_id`, `navigator_id`, `rvs_category_id`, `charset_id`, `project_company`, `project_slogan`, `project_logo`, `project_title`, `project_keyword`, `project_description`, `project_domain`, `check_step`, `effect_site_enter`, `duration_site_enter`, `last_update`, `layout_template_id`, `i_pathway`, `i_mail`, `i_print`, `i_favorite`, `no_slogan`, `no_company_name`, `navigator_name_id`, `is_member_page`) VALUES ('d6990af489f39de1d01d8957b1f27c4f', '8454658a0f7d0490d017685d3ecf48bb', '12', '633f085a28bb968f39a458510818fa65', '4', '17', 'NovoProSoInc', 'A New Beginning in Software Innovations', '', '', '', '', 'novoproso.com', '5', '3', '5', '1386318482', '524a5e9b32f85d2e8ce925e4b528ffc1', '1', '1', '1', '1', '0', '0', '25', '0');
REPLACE INTO `rvs_project_layout_page` (`project_id`, `project_page_id`, `parent_project_page_id`, `priority`, `is_home`) VALUES ('63b1a0180d9875b204b0a59a673b5c13', '0274faa14a3ef87fcac1faf2d7579910', '0', '5', '0');
REPLACE INTO `rvs_project_layout_page` (`project_id`, `project_page_id`, `parent_project_page_id`, `priority`, `is_home`) VALUES ('63b1a0180d9875b204b0a59a673b5c13', 'ffb77aefabb9eff63a0393a36da4893e', '214280225ed279cb3ca103f1f49dd50c', '2', '0');
REPLACE INTO `rvs_project_layout_page` (`project_id`, `project_page_id`, `parent_project_page_id`, `priority`, `is_home`) VALUES ('63b1a0180d9875b204b0a59a673b5c13', '8e60a5853c9a790932b736d8ce091263', '0', '2', '0');
REPLACE INTO `rvs_project_layout_page` (`project_id`, `project_page_id`, `parent_project_page_id`, `priority`, `is_home`) VALUES ('63b1a0180d9875b204b0a59a673b5c13', '214280225ed279cb3ca103f1f49dd50c', '0', '4', '0');
REPLACE INTO `rvs_project_layout_page` (`project_id`, `project_page_id`, `parent_project_page_id`, `priority`, `is_home`) VALUES ('63b1a0180d9875b204b0a59a673b5c13', '15cc2151396c89f8f06861cf38d8260a', '0', '7', '0');
REPLACE INTO `rvs_project_layout_page` (`project_id`, `project_page_id`, `parent_project_page_id`, `priority`, `is_home`) VALUES ('63b1a0180d9875b204b0a59a673b5c13', 'ef7322f30194d207d08c9c6cd89545f5', '214280225ed279cb3ca103f1f49dd50c', '1', '0');
REPLACE INTO `rvs_project_layout_page` (`project_id`, `project_page_id`, `parent_project_page_id`, `priority`, `is_home`) VALUES ('63b1a0180d9875b204b0a59a673b5c13', 'e5956c0f2e9ccc0c1d32d144dec75f11', '0', '3', '0');
REPLACE INTO `rvs_project_layout_page` (`project_id`, `project_page_id`, `parent_project_page_id`, `priority`, `is_home`) VALUES ('63b1a0180d9875b204b0a59a673b5c13', '1fc0d890c4ad039f772522ebc605a6b4', '214280225ed279cb3ca103f1f49dd50c', '3', '0');
REPLACE INTO `rvs_project_layout_page` (`project_id`, `project_page_id`, `parent_project_page_id`, `priority`, `is_home`) VALUES ('63b1a0180d9875b204b0a59a673b5c13', 'bbdc66440cb14d0e68cdbbb686b93171', '214280225ed279cb3ca103f1f49dd50c', '4', '0');
REPLACE INTO `rvs_project_layout_page` (`project_id`, `project_page_id`, `parent_project_page_id`, `priority`, `is_home`) VALUES ('63b1a0180d9875b204b0a59a673b5c13', '92d6d13fba9dbde14dd78eeea0319d1d', '214280225ed279cb3ca103f1f49dd50c', '5', '0');
REPLACE INTO `rvs_project_layout_page` (`project_id`, `project_page_id`, `parent_project_page_id`, `priority`, `is_home`) VALUES ('63b1a0180d9875b204b0a59a673b5c13', 'ccd7d6fc8bb1c98fc66267f99acf0f31', '214280225ed279cb3ca103f1f49dd50c', '6', '0');
REPLACE INTO `rvs_project_layout_page` (`project_id`, `project_page_id`, `parent_project_page_id`, `priority`, `is_home`) VALUES ('63b1a0180d9875b204b0a59a673b5c13', '602e6d7d2f0e2a5fa14c4f34c7c5d147', '214280225ed279cb3ca103f1f49dd50c', '7', '0');
REPLACE INTO `rvs_project_layout_page` (`project_id`, `project_page_id`, `parent_project_page_id`, `priority`, `is_home`) VALUES ('63b1a0180d9875b204b0a59a673b5c13', 'f7350c5a3dd3a7f7a538d61644a062a5', '214280225ed279cb3ca103f1f49dd50c', '8', '0');
REPLACE INTO `rvs_project_layout_page` (`project_id`, `project_page_id`, `parent_project_page_id`, `priority`, `is_home`) VALUES ('63b1a0180d9875b204b0a59a673b5c13', 'e3667b50660aaf5b724208c0db5a7f90', '214280225ed279cb3ca103f1f49dd50c', '9', '0');
REPLACE INTO `rvs_project_layout_page` (`project_id`, `project_page_id`, `parent_project_page_id`, `priority`, `is_home`) VALUES ('63b1a0180d9875b204b0a59a673b5c13', 'e385b211f5ff24565d99398f5f7fb05d', '214280225ed279cb3ca103f1f49dd50c', '10', '0');
REPLACE INTO `rvs_project_layout_page` (`project_id`, `project_page_id`, `parent_project_page_id`, `priority`, `is_home`) VALUES ('63b1a0180d9875b204b0a59a673b5c13', 'a66eb8f0a6b9fd67e85df4ebdba93003', '0', '1', '1');
REPLACE INTO `rvs_project_page_to_layout` (`project_page_id`, `project_id`, `layout_template_user_id`) VALUES ('055ee6be0cc25c9043b676ddb763d7da', '63b1a0180d9875b204b0a59a673b5c13', '5e4c398716cd7eeef322a40c9dc4a016');
REPLACE INTO `rvs_block_to_layout_template` (`layout_template_user_id`, `block_id`, `section`, `priority`) VALUES ('5e4c398716cd7eeef322a40c9dc4a016', 'editable_area_left', '3', '0');
REPLACE INTO `rvs_block_to_layout_template` (`layout_template_user_id`, `block_id`, `section`, `priority`) VALUES ('5e4c398716cd7eeef322a40c9dc4a016', 'editable_area_right', '4', '0');
REPLACE INTO `rvs_layout_template_user` (`layout_template_user_id`, `layout_name`, `layout_template_name`) VALUES ('5e4c398716cd7eeef322a40c9dc4a016', '4-8-4_0', 'Home');
REPLACE INTO `rvs_project_page_to_layout` (`project_page_id`, `project_id`, `layout_template_user_id`) VALUES ('f866a56eebca6e3c4208a8693c63ae43', '63b1a0180d9875b204b0a59a673b5c13', '5e4c398716cd7eeef322a40c9dc4a016');
REPLACE INTO `rvs_project_page_to_layout` (`project_page_id`, `project_id`, `layout_template_user_id`) VALUES ('31ba16daa22c3fab5ef7f90907e36cc8', '63b1a0180d9875b204b0a59a673b5c13', '5e4c398716cd7eeef322a40c9dc4a016');
REPLACE INTO `rvs_project_page_to_layout` (`project_page_id`, `project_id`, `layout_template_user_id`) VALUES ('2e70dd11ae8a3ee0903bc56bc3d9c723', '63b1a0180d9875b204b0a59a673b5c13', '5e4c398716cd7eeef322a40c9dc4a016');
REPLACE INTO `rvs_project_page_to_layout` (`project_page_id`, `project_id`, `layout_template_user_id`) VALUES ('3370f655ebb3d85ffd44117ec61c126c', '63b1a0180d9875b204b0a59a673b5c13', '5e4c398716cd7eeef322a40c9dc4a016');
REPLACE INTO `rvs_project_page_to_layout` (`project_page_id`, `project_id`, `layout_template_user_id`) VALUES ('0274faa14a3ef87fcac1faf2d7579910', '63b1a0180d9875b204b0a59a673b5c13', '5e4c398716cd7eeef322a40c9dc4a016');
REPLACE INTO rvs_project_page (project_page_id,rvs_usr_id,page_name,custom_page_name,rvs_component_id,page_data,page_data_zone_2,page_data_zone_3,page_data_zone_4,colume_width_1,colume_width_2,colume_width_3,rvs_layout_id,head,page_title,meta_keyword,meta_description,effect_page_enter,duration_page_enter,meta_page_effect,rvs_link_id,target,form_template_id,i_pathway,i_mail,i_print,i_favorite,last_modifier,link_active,page_type,blank_page,set_draft,is_member_page) VALUES ('0274faa14a3ef87fcac1faf2d7579910','6eb136f6c13b4aa641671608694f692a','Contact Us','','63c5b7c06fd0503c780794d0c4efc595','<img alt=\"\" class=\"jotForm\" id=\"DragAndDropForm_a49d04569e20882295b876c7f181da5c\" name=\"DragAndDropForm_a49d04569e20882295b876c7f181da5c\" src=\"{IMAGE_URL}/spacer.gif\" frmid=\"a49d04569e20882295b876c7f181da5c\" formtype=\"jotform\" height=\"500\" width=\"100\" align=\"left\" border=\"1\" /><br />\r\n<div>&nbsp;</div>\r\n<div>&nbsp;</div>\r\n<div>&nbsp;</div>\r\n<div>&nbsp;</div>','<br />',NULL,NULL,'50','50',NULL,'2','',NULL,NULL,NULL,'0','1','\n<meta http-equiv=\"Site-Enter\" content=\"revealTrans(Duration=5,Transition=3)\" />\n<meta http-equiv=\"Page-Enter\" content=\"revealTrans(Duration=1,Transition=0)\" />','','','',NULL,NULL,NULL,NULL,'1385407176',NULL,NULL,'0','0','0');
REPLACE INTO rvs_project_page (project_page_id,rvs_usr_id,page_name,custom_page_name,rvs_component_id,page_data,page_data_zone_2,page_data_zone_3,page_data_zone_4,colume_width_1,colume_width_2,colume_width_3,rvs_layout_id,head,page_title,meta_keyword,meta_description,effect_page_enter,duration_page_enter,meta_page_effect,rvs_link_id,target,form_template_id,i_pathway,i_mail,i_print,i_favorite,last_modifier,link_active,page_type,blank_page,set_draft,is_member_page) VALUES ('ffb77aefabb9eff63a0393a36da4893e','6eb136f6c13b4aa641671608694f692a','Java Technology','','','\r\n<link rel=\'stylesheet\' id=\'cmsms-google-font-3-css\'  href=\'http://fonts.googleapis.com/css?family=Headland+One&#038;ver=3.6\' type=\'text/css\' media=\'all\' />\r\n\r\n<table>\r\n<tbody>\r\n<tr>\r\n<td><img alt=\"\" src=\"http://www.novoproso.com/images/java1.jpg\" /></td>\r\n<td>\r\n<p style=\"font-family: \'Headland One\'; font-style: normal; font-weight: 400\">\r\nJava is a programming language and computing platform first released by Sun Microsystems in 1995. There are lots of applications and websites that will not work unless you have Java installed, and more are created every day. Java is fast, secure, and reliable. From laptops to datacenters, game consoles to scientific supercomputers, cell phones to the Internet, Java is everywhere!</p></td></tr></tbody></table>',NULL,NULL,NULL,NULL,NULL,NULL,'1','',NULL,NULL,NULL,NULL,NULL,'','','_self','','1',NULL,NULL,NULL,'1383285671',NULL,NULL,'0','0','0');
REPLACE INTO rvs_project_page (project_page_id,rvs_usr_id,page_name,custom_page_name,rvs_component_id,page_data,page_data_zone_2,page_data_zone_3,page_data_zone_4,colume_width_1,colume_width_2,colume_width_3,rvs_layout_id,head,page_title,meta_keyword,meta_description,effect_page_enter,duration_page_enter,meta_page_effect,rvs_link_id,target,form_template_id,i_pathway,i_mail,i_print,i_favorite,last_modifier,link_active,page_type,blank_page,set_draft,is_member_page) VALUES ('8e60a5853c9a790932b736d8ce091263','6eb136f6c13b4aa641671608694f692a','About Us','','','<div>\r\n<table>\r\n<tbody>\r\n<tr>\r\n<td width=\"98%\"><img alt=\"\" src=\"http://www.novoproso.com/images/AboutUsBig2.jpg\" /></td></tr>\r\n<tr>\r\n<td width=\"98%\"><strong>\r\n<p style=\"font-size: small\">\r\nNovoProSo’s core purpose is to revolutionize software solutions, exceeding the ever changing\r\nexpectations of our clients. Creating an outstanding collaboration by “growing together” is the\r\nfoundation of our company.  <br />\r\n<br />\r\nOur Mission Novo ProSo’s mission is to be a leader of innovation in the software industry by using our\r\nextensive IT experience to deliver tangible business results. We strive to deliver outstanding services and\r\nunparalleled satisfaction to our employees, and clients by building long-term relationships based on mutual\r\ntrust and respect.  <br />\r\n<br />\r\nCore Values <br />\r\no Client focused and client centric <br />\r\no Practice with Honesty and Integrity <br />\r\no Dedication to quality and client satisfaction <br />\r\no Commitment to consistent and predictable delivery </p></strong></td></tr></tbody></table></div>',NULL,NULL,NULL,NULL,NULL,NULL,'1','',NULL,NULL,NULL,NULL,NULL,'','','_self','','0',NULL,NULL,NULL,'1385439169',NULL,NULL,'0','0','0');
REPLACE INTO rvs_project_page (project_page_id,rvs_usr_id,page_name,custom_page_name,rvs_component_id,page_data,page_data_zone_2,page_data_zone_3,page_data_zone_4,colume_width_1,colume_width_2,colume_width_3,rvs_layout_id,head,page_title,meta_keyword,meta_description,effect_page_enter,duration_page_enter,meta_page_effect,rvs_link_id,target,form_template_id,i_pathway,i_mail,i_print,i_favorite,last_modifier,link_active,page_type,blank_page,set_draft,is_member_page) VALUES ('214280225ed279cb3ca103f1f49dd50c','6eb136f6c13b4aa641671608694f692a','Products & Services','','','<link rel=\"stylesheet\" href=\"http://www.novoproso.com/CSS/Carousel/feature-carousel.css\" charset=\"utf-8\" />\r\n\r\n\r\n<script src=\"http://www.novoproso.com/js/Carousel/jquery-1.7.min.js\" type=\"text/javascript\" charset=\"utf-\r\n\r\n\r\n8\"></script><script src=\"http://www.novoproso.com/js/Carousel/jquery.featureCarousel.min.js\" \r\n\r\n\r\ntype=\"text/javascript\" charset=\"utf-8\"></script><script type=\"text/javascript\">\r\n\r\n\r\n$(document).ready(function() \r\n{\r\n\r\n\r\nvar carousel = $(\"#carousel\").featureCarousel({\r\n\r\n\r\n// include options like this:\r\n\r\n\r\n// (use quotes only for string values, and no trailing comma after last option)\r\n\r\n\r\n// option: value,\r\n\r\n\r\n// option: value\r\n\r\n\r\n});\r\n\r\n\r\n\r\n\r\n\r\n\r\n});\r\n\r\n\r\n</script>\r\n<table align=\"center\">\r\n<tbody>\r\n<tr>\r\n<td>\r\n<div class=\"carousel-container\">\r\n<div id=\"carousel\">\r\n<div class=\"carousel-feature\"><a href=\"#\"><img class=\"carousel-image\" alt=\"Image Caption\" src=\"http://www.novoproso.com/images/carousel/Java7.jpg\" /></a>\r\n<div class=\"carousel-caption\"></div></div>\r\n<div class=\"carousel-feature\"><a href=\"#\"><img class=\"carousel-image\" alt=\"Image Caption\" src=\"http://novoproso.com/images/BigData.png\" /></a>\r\n<div class=\"carousel-caption\"></div></div>\r\n<div class=\"carousel-feature\"><a href=\"#\"><img class=\"carousel-image\" alt=\"Image Caption\" src=\"http://www.novoproso.com/images/ETL5.jpg\" /></a>\r\n<div class=\"carousel-caption\"></div></div>\r\n<div class=\"carousel-feature\"><a href=\"#\"><img class=\"carousel-image\" alt=\"Image Caption\" src=\"http://www.novoproso.com/images/IntegrationTools1.jpg\" /></a>\r\n<div class=\"carousel-caption\"></div></div>\r\n<div class=\"carousel-feature\"><a href=\"#\"><img class=\"carousel-image\" alt=\"Image Caption\" src=\"http://www.novoproso.com/images/SAS-PH3.jpg\" /></a></div>\r\n<div class=\"carousel-feature\"><a href=\"#\"><img class=\"carousel-image\" alt=\"Image Caption\" src=\"http://www.novoproso.com/images/SOA1.jpg\" /></a>\r\n<div class=\"carousel-caption\"></div></div></div>\r\n<div id=\"carousel-left\"><img alt=\"\" src=\"http://www.novoproso.com/images/carousel/arrow-left.png\" /></div>\r\n<div id=\"carousel-right\"><img alt=\"\" src=\"http://www.novoproso.com/images/carousel/arrow-right.png\" /></div></div></td></tr></tbody></table>',NULL,NULL,NULL,NULL,NULL,NULL,'1','',NULL,NULL,NULL,'0','1','\n<meta http-equiv=\"Site-Enter\" content=\"revealTrans(Duration=5,Transition=3)\" />\n<meta http-equiv=\"Page-Enter\" content=\"revealTrans(Duration=1,Transition=0)\" />','98419d44d2c93664211ef5fd4ce0139b','_self','','0',NULL,NULL,NULL,'1385452030','0',NULL,'0','0','0');
REPLACE INTO rvs_project_page (project_page_id,rvs_usr_id,page_name,custom_page_name,rvs_component_id,page_data,page_data_zone_2,page_data_zone_3,page_data_zone_4,colume_width_1,colume_width_2,colume_width_3,rvs_layout_id,head,page_title,meta_keyword,meta_description,effect_page_enter,duration_page_enter,meta_page_effect,rvs_link_id,target,form_template_id,i_pathway,i_mail,i_print,i_favorite,last_modifier,link_active,page_type,blank_page,set_draft,is_member_page) VALUES ('15cc2151396c89f8f06861cf38d8260a','6eb136f6c13b4aa641671608694f692a','ComponentAndUserFramework','','53ec1e90a54b844dcfecf50a1f9ea0ae','',NULL,NULL,NULL,NULL,NULL,NULL,'0','',NULL,NULL,NULL,NULL,NULL,'','','','',NULL,NULL,NULL,NULL,NULL,NULL,NULL,'0','0','0');
REPLACE INTO rvs_project_page (project_page_id,rvs_usr_id,page_name,custom_page_name,rvs_component_id,page_data,page_data_zone_2,page_data_zone_3,page_data_zone_4,colume_width_1,colume_width_2,colume_width_3,rvs_layout_id,head,page_title,meta_keyword,meta_description,effect_page_enter,duration_page_enter,meta_page_effect,rvs_link_id,target,form_template_id,i_pathway,i_mail,i_print,i_favorite,last_modifier,link_active,page_type,blank_page,set_draft,is_member_page) VALUES ('ef7322f30194d207d08c9c6cd89545f5','6eb136f6c13b4aa641671608694f692a','Your Own Idea','','','We will implement your idea through the complete SDLC.\r\n<div>&nbsp;</div>\r\n<div>&nbsp;</div>\r\n<div>&nbsp;</div>\r\n<div>&nbsp;</div>',NULL,NULL,NULL,NULL,NULL,NULL,'1','',NULL,NULL,NULL,NULL,NULL,'','','_self','','0',NULL,NULL,NULL,'1386318607',NULL,NULL,'0','0','0');
REPLACE INTO rvs_project_page (project_page_id,rvs_usr_id,page_name,custom_page_name,rvs_component_id,page_data,page_data_zone_2,page_data_zone_3,page_data_zone_4,colume_width_1,colume_width_2,colume_width_3,rvs_layout_id,head,page_title,meta_keyword,meta_description,effect_page_enter,duration_page_enter,meta_page_effect,rvs_link_id,target,form_template_id,i_pathway,i_mail,i_print,i_favorite,last_modifier,link_active,page_type,blank_page,set_draft,is_member_page) VALUES ('e5956c0f2e9ccc0c1d32d144dec75f11','6eb136f6c13b4aa641671608694f692a','Careers','Careers','','<link rel=\"stylesheet\" id=\"rs-settings-css\" href=\"http://www.novoproso.com/CSS/settings.css\" type=\"text/css\" media=\"all\" />\r\n<script type=\'text/javascript\' src=\'http://www.novoproso.com/js/slider/jquery.js\'></script><script type=\'text/javascript\' src=\'http://www.novoproso.com/js/slider/jquerytransit.js\'></script><script type=\'text/javascript\' src=\'http://www.novoproso.com/js/slider/layerslider.transitions.js\'></script>\r\n<div class=\"wrap_rev_slider\"><script type=\"text/javascript\">\r\nvar tpj=jQuery;\r\nvar revapi4;\r\ntpj(document).ready(function() {\r\nif (tpj.fn.cssOriginal != undefined)\r\ntpj.fn.css = tpj.fn.cssOriginal;\r\nif(tpj(\'#rev_slider_4_1\').revolution == undefined)\r\nrevslider_showDoubleJqueryError(\'#rev_slider_4_1\');\r\nelse\r\nrevapi4 = tpj(\'#rev_slider_4_1\').show().revolution(\r\n{\r\ndelay:9000,\r\nstartwidth:960,\r\nstartheight:570,\r\nhideThumbs:200,\r\nthumbWidth:100,\r\nthumbHeight:50,\r\nthumbAmount:4,\r\nnavigationType:\"bullet\",\r\nnavigationArrows:\"solo\",\r\nnavigationStyle:\"round\",\r\ntouchenabled:\"on\",\r\nonHoverStop:\"on\",\r\nnavigationHAlign:\"center\",\r\nnavigationVAlign:\"bottom\",\r\nnavigationHOffset:0,\r\nnavigationVOffset:20,\r\nsoloArrowLeftHalign:\"left\",\r\nsoloArrowLeftValign:\"center\",\r\nsoloArrowLeftHOffset:20,\r\nsoloArrowLeftVOffset:0,\r\nsoloArrowRightHalign:\"right\",\r\nsoloArrowRightValign:\"center\",\r\nsoloArrowRightHOffset:20,\r\nsoloArrowRightVOffset:0,\r\nshadow:0,\r\nfullWidth:\"on\",\r\nstopLoop:\"off\",\r\nstopAfterLoops:-1,\r\nstopAtSlide:-1,\r\nshuffle:\"off\",\r\nhideSliderAtLimit:0,\r\nhideCaptionAtLimit:0,\r\nhideAllCaptionAtLilmit:0,\r\nstartWithSlide:0 \r\n});\r\n}); //ready\r\n\r\n\r\n</script> <script type=\'text/javascript\' src=\'http://www.novoproso.com/js/slider/jquery.themepunch.plugins.min.js\'></script><script type=\'text/javascript\' src=\'http://www.novoproso.com/js/slider/jquery.themepunch.revolution.min.js\'></script>\r\n<div id=\"rev_slider_4_1_wrapper\" class=\"rev_slider_wrapper fullwidthbanner-container\" style=\"margin: 0px auto; background-color: #E9E9E9; padding: 0px; margin-top: 0px; margin-bottom: 0px; max-height: 570px\">\r\n<div id=\"rev_slider_4_1\" class=\"rev_slider fullwidthabanner\" style=\"display: none; max-height: 570px; height: 570\">\r\n<ul>\r\n<li data-transition=\"fade\" data-slotamount=\"7\" data-masterspeed=\"300\"><img src=\"http://www.novoproso.com/images/bg-1.jpg\" alt=\"home-1-bg-2\" data-fullwidthcentering=\"on\" />\r\n<div class=\"tp-caption big_white_text2 lfl\" data-x=\"200\" data-y=\"30\" data-speed=\"900\" data-start=\"500\" data-=\"\" easing=\"easeOutBack\"><strong>\r\n<p style=\"font-size: meduim\">Careers@ NovoProSo Inc</p></strong></div>\r\n<div class=\"tp-caption small_white_text2 lfl\" data-x=\"200\" data-y=\"60\" data-speed=\"900\" data-start=\"1000\" data-=\"\" easing=\"easeOutBack\"><strong>\r\n<p style=\"font-size: meduim\">Send us your resume to careers@novoproso.com and we will get back to you.</p></strong></div>\r\n<div class=\"tp-caption sfr\" data-x=\"190\" data-y=\"100\" data-speed=\"300\" data-start=\"1800\" data-easing=\"easeOutExpo\"><img src=\"http://www.novoproso.com/images/hr1.jpg\" alt=\"Image 6\" /></div>\r\n<div class=\"tp-caption sfr\" data-x=\"-108\" data-y=\"210\" data-speed=\"300\" data-start=\"2000\" data-easing=\"easeOutExpo\"><img src=\"http://www.novoproso.com/images/hr2.jpg\" alt=\"Image 8\" /></div>\r\n<div class=\"tp-caption sfr\" data-x=\"-125\" data-y=\"30\" data-speed=\"300\" data-start=\"2200\" data-easing=\"easeOutExpo\"><img src=\"http://www.novoproso.com/images/Career2.jpg\" alt=\"Image 9\" /></div>\r\n<div class=\"tp-caption sfr\" data-x=\"635\" data-y=\"200\" data-speed=\"300\" data-start=\"2200\" data-easing=\"easeOutExpo\"><img src=\"http://www.novoproso.com/images/GoodUnion.jpg\" alt=\"Image 9\" /></div>\r\n<div class=\"tp-caption sfr\" data-x=\"370\" data-y=\"300\" data-speed=\"300\" data-start=\"2200\" data-easing=\"easeOutExpo\"><img src=\"http://www.novoproso.com/images/Career4.jpg\" alt=\"Image 9\" /></div></li> <!-- END REVOLUTION SLIDER --></ul></div></div></div>',NULL,NULL,NULL,NULL,NULL,NULL,'1','',NULL,NULL,NULL,NULL,NULL,'','','_self','',NULL,NULL,NULL,NULL,'1385438880',NULL,NULL,'0','0','0');
REPLACE INTO rvs_project_page (project_page_id,rvs_usr_id,page_name,custom_page_name,rvs_component_id,page_data,page_data_zone_2,page_data_zone_3,page_data_zone_4,colume_width_1,colume_width_2,colume_width_3,rvs_layout_id,head,page_title,meta_keyword,meta_description,effect_page_enter,duration_page_enter,meta_page_effect,rvs_link_id,target,form_template_id,i_pathway,i_mail,i_print,i_favorite,last_modifier,link_active,page_type,blank_page,set_draft,is_member_page) VALUES ('1fc0d890c4ad039f772522ebc605a6b4','6eb136f6c13b4aa641671608694f692a','DotNet Technology','','','<table>\r\n<tbody>\r\n<tr>\r\n<td><img alt=\"\" src=\"http://www.novoproso.com/images/asp-dot-net-web-application.jpg\" /></td>\r\n<td>\r\n<p>\r\n.NET is an integral part of many applications running on Windows and provides common functionality for those applications to run. This download is for people who need .NET to run an application on their computer. For developers, the .NET Framework provides a comprehensive and consistent programming model for building applications that have visually stunning user experiences and seamless and secure communication.</p></td></tr></tbody></table>',NULL,NULL,NULL,NULL,NULL,NULL,'1','',NULL,NULL,NULL,NULL,NULL,'','','_self','','1',NULL,NULL,NULL,'1383198241',NULL,NULL,'0','0','0');
REPLACE INTO rvs_project_page (project_page_id,rvs_usr_id,page_name,custom_page_name,rvs_component_id,page_data,page_data_zone_2,page_data_zone_3,page_data_zone_4,colume_width_1,colume_width_2,colume_width_3,rvs_layout_id,head,page_title,meta_keyword,meta_description,effect_page_enter,duration_page_enter,meta_page_effect,rvs_link_id,target,form_template_id,i_pathway,i_mail,i_print,i_favorite,last_modifier,link_active,page_type,blank_page,set_draft,is_member_page) VALUES ('bbdc66440cb14d0e68cdbbb686b93171','6eb136f6c13b4aa641671608694f692a','Big Data','','','<table>\r\n<tbody>\r\n<tr>\r\n<td>\r\n<link rel=\"stylesheet\" href=\"http://www.monetconsulting.com/wp-content/themes/auzora/icon.css\" type=\"text/css\" media=\"screen\" />\r\n<link rel=\"stylesheet\" href=\"http://www.monetconsulting.com/wp-content/themes/auzora/nivo-slider.css\" type=\"text/css\" media=\"screen\" />\r\n<link rel=\"stylesheet\" href=\"http://www.monetconsulting.com/wp-content/themes/auzora/prettyPhoto.css\" type=\"text/css\" media=\"screen\" /><!--javascript--><script type=\"text/javascript\" src=\"http://www.monetconsulting.com/wp-content/themes/auzora/js/jquery.nivo.slider.js\"></script><script type=\"text/javascript\">\r\njQuery(window).load(function(){\r\njQuery(\"#featured-img\").nivoSlider({effect:\"fold\",slices:15,animSpeed:500,pauseTime:2000,directionNavHide:true,captionOpacity:0.7,controlNav: false});\r\n});\r\n</script>\r\n<div id=\"featured-img\"><img src=\"http://www.novoproso.com/images/BigData_MainNew.jpg\" alt=\"\" /><img src=\"http://www.novoproso.com/images/BigData_el1_New.jpg\" alt=\"\" /><img src=\"http://www.novoproso.com/images/BigData_e3_New.jpg\" alt=\"\" /></div></td>\r\n<td>\r\n<p>\r\nBig data is a buzzword, or catch-phrase, used to describe a massive volume of both structured and unstructured data that is so large that it\'s difficult to process\r\nusing traditional database and software techniques.\r\nWhile the term may seem to reference the volume of data, that isn\'t always the case. The term big data -- especially when used by vendors -- may refer to the\r\ntechnology (which includes tools and processes) that an organization requires to handle the large amounts of data and storage facilities.</p></td></tr></tbody></table>',NULL,NULL,NULL,NULL,NULL,NULL,'1','',NULL,NULL,NULL,NULL,NULL,'','','_self','','1',NULL,NULL,NULL,'1383198375',NULL,NULL,'0','0','0');
REPLACE INTO rvs_project_page (project_page_id,rvs_usr_id,page_name,custom_page_name,rvs_component_id,page_data,page_data_zone_2,page_data_zone_3,page_data_zone_4,colume_width_1,colume_width_2,colume_width_3,rvs_layout_id,head,page_title,meta_keyword,meta_description,effect_page_enter,duration_page_enter,meta_page_effect,rvs_link_id,target,form_template_id,i_pathway,i_mail,i_print,i_favorite,last_modifier,link_active,page_type,blank_page,set_draft,is_member_page) VALUES ('92d6d13fba9dbde14dd78eeea0319d1d','6eb136f6c13b4aa641671608694f692a','SOA','','','<table>\r\n<tbody>\r\n<tr>\r\n<td><img alt=\"\" src=\"http://www.novoproso.com/images/SOA1.jpg\" /></td>\r\n<td>\r\n<p>\r\nService Oriented Architecture (SOA) has several core ideas that should be addressed in your organization\'s SOA journey:\r\nA set of services that a business wants to provide to their customers, partners, or other areas of an organization\r\nAn architectural style that requires a service provider, mediation, and service requestor with a service description\r\nA set of architectural principles, patterns and criteria that address characteristics such as modularity, encapsulation, loose coupling, separation of concerns, reuse\r\nand composability\r\nA programming model complete with standards, tools and technologies that supports web services, REST services or other kinds of services\r\nA middleware solution optimized for service assembly, orchestration, monitoring, and management</p></td></tr></tbody></table>',NULL,NULL,NULL,NULL,NULL,NULL,'1','',NULL,NULL,NULL,NULL,NULL,'','','_self','','1',NULL,NULL,NULL,'1383198455',NULL,NULL,'0','0','0');
REPLACE INTO rvs_project_page (project_page_id,rvs_usr_id,page_name,custom_page_name,rvs_component_id,page_data,page_data_zone_2,page_data_zone_3,page_data_zone_4,colume_width_1,colume_width_2,colume_width_3,rvs_layout_id,head,page_title,meta_keyword,meta_description,effect_page_enter,duration_page_enter,meta_page_effect,rvs_link_id,target,form_template_id,i_pathway,i_mail,i_print,i_favorite,last_modifier,link_active,page_type,blank_page,set_draft,is_member_page) VALUES ('ccd7d6fc8bb1c98fc66267f99acf0f31','6eb136f6c13b4aa641671608694f692a','ETL','','','<table>\r\n<tbody>\r\n<tr>\r\n<td><img alt=\"\" src=\"http://www.novoproso.com/images/ETL2.jpg\" /></td>\r\n<td>\r\n<p>\r\nETL is short for extract, transform, load, three database functions that are combined into one tool to pull data out of one database and place it into another database.\r\nExtract is the process of reading data from a database.\r\nTransform is the process of converting the extracted data from its previous form into the form it needs to be in so that it can be placed into another database. Transformation occurs by using rules or lookup tables or by combining the data with other data.\r\nLoad is the process of writing the data into the target database.\r\nETL is used to migrate data from one database to another, to form data marts and data warehouses and also to convert databases from one format or type to another.</p></td></tr></tbody></table>',NULL,NULL,NULL,NULL,NULL,NULL,'1','',NULL,NULL,NULL,NULL,NULL,'','','_self','',NULL,NULL,NULL,NULL,'1383198526',NULL,NULL,'0','0','0');
REPLACE INTO rvs_project_page (project_page_id,rvs_usr_id,page_name,custom_page_name,rvs_component_id,page_data,page_data_zone_2,page_data_zone_3,page_data_zone_4,colume_width_1,colume_width_2,colume_width_3,rvs_layout_id,head,page_title,meta_keyword,meta_description,effect_page_enter,duration_page_enter,meta_page_effect,rvs_link_id,target,form_template_id,i_pathway,i_mail,i_print,i_favorite,last_modifier,link_active,page_type,blank_page,set_draft,is_member_page) VALUES ('602e6d7d2f0e2a5fa14c4f34c7c5d147','6eb136f6c13b4aa641671608694f692a','SAS Clinical Research Analysis','','','<table>\r\n<tbody>\r\n<tr>\r\n<td><img alt=\"\" src=\"http://www.novoproso.com/images/SAS-PH4.jpg\" /></td>\r\n<td>\r\n<p>\r\nSAS/PH-Clinical software is a new SAS Instnute software product for increasing the productivity of\r\nclinical reviewers within drug or biotechnology research organizations. Atthough the product is designed to\r\nwork with a variety of clinical data structures, the internal algorithms handle some structures more\r\nefficiently than others. In addnion to data set structures, any aspect of the clinical data that requires\r\na view overlay affects the efficiency of the software. For example, n variables must be renamed in the study\r\ndefinnion process, SAS/PH-Clinical software overlays a DATA step view on the original clinical data. Before\r\nany patient group can be created, the software generates this view and reads n, rather than reading\r\nthe original data. This paper discusses aspects of clinical data structures that can affect performance.\r\nThe discussion also provides techniques for defining studies quickly, including using the FASTLOAD utility,\r\ncreating new variables, and obtaining administrative reports. </p></td></tr></tbody></table>',NULL,NULL,NULL,NULL,NULL,NULL,'1','',NULL,NULL,NULL,NULL,NULL,'','','_self','',NULL,NULL,NULL,NULL,'1383198600',NULL,NULL,'0','0','0');
REPLACE INTO rvs_project_page (project_page_id,rvs_usr_id,page_name,custom_page_name,rvs_component_id,page_data,page_data_zone_2,page_data_zone_3,page_data_zone_4,colume_width_1,colume_width_2,colume_width_3,rvs_layout_id,head,page_title,meta_keyword,meta_description,effect_page_enter,duration_page_enter,meta_page_effect,rvs_link_id,target,form_template_id,i_pathway,i_mail,i_print,i_favorite,last_modifier,link_active,page_type,blank_page,set_draft,is_member_page) VALUES ('f7350c5a3dd3a7f7a538d61644a062a5','6eb136f6c13b4aa641671608694f692a','DBA Tools','','','\r\n<div>Oracle DBA/Sql Server DBA</div>\r\n<div>&nbsp;</div>\r\n<div>&nbsp;</div>\r\n<div>&nbsp;</div>\r\n<div>&nbsp;</div>',NULL,NULL,NULL,NULL,NULL,NULL,'1','',NULL,NULL,NULL,NULL,NULL,'','','_self','',NULL,NULL,NULL,NULL,'1383198690',NULL,NULL,'0','0','0');
REPLACE INTO rvs_project_page (project_page_id,rvs_usr_id,page_name,custom_page_name,rvs_component_id,page_data,page_data_zone_2,page_data_zone_3,page_data_zone_4,colume_width_1,colume_width_2,colume_width_3,rvs_layout_id,head,page_title,meta_keyword,meta_description,effect_page_enter,duration_page_enter,meta_page_effect,rvs_link_id,target,form_template_id,i_pathway,i_mail,i_print,i_favorite,last_modifier,link_active,page_type,blank_page,set_draft,is_member_page) VALUES ('e3667b50660aaf5b724208c0db5a7f90','6eb136f6c13b4aa641671608694f692a','ERP','','','<table>\r\n<tbody>\r\n<tr>\r\n<td><img alt=\"\" src=\"http://www.novoproso.com/images/ERPFinal.jpg\" /></td>\r\n<td>\r\n<p>Enterprise resource planning (ERP) is business management software that allows an organization to use a system of integrated applications to manage the business. ERP software integrates all facets of an operation, including product planning, development, manufacturing processes, sales and marketing.\r\nERP software typically consists of multiple enterprise software modules that are individually purchased, based on what best meets the specific needs and technical capabilities of the organization. Each ERP module is focused on one area of business processes, such as product development or marketing. Some of the more common ERP modules include those for product planning, material purchasing, inventory control, distribution, accounting, marketing, finance and HR.</p></td></tr></tbody></table>',NULL,NULL,NULL,NULL,NULL,NULL,'1','',NULL,NULL,NULL,NULL,NULL,'','','_self','',NULL,NULL,NULL,NULL,'1383198829',NULL,NULL,'0','0','0');
REPLACE INTO rvs_project_page (project_page_id,rvs_usr_id,page_name,custom_page_name,rvs_component_id,page_data,page_data_zone_2,page_data_zone_3,page_data_zone_4,colume_width_1,colume_width_2,colume_width_3,rvs_layout_id,head,page_title,meta_keyword,meta_description,effect_page_enter,duration_page_enter,meta_page_effect,rvs_link_id,target,form_template_id,i_pathway,i_mail,i_print,i_favorite,last_modifier,link_active,page_type,blank_page,set_draft,is_member_page) VALUES ('e385b211f5ff24565d99398f5f7fb05d','6eb136f6c13b4aa641671608694f692a','Integration Tools','','','<table>\r\n<tbody>\r\n<tr>\r\n<td><img alt=\"\" src=\"http://www.novoproso.com/images/IntegrationTools1.jpg\" /></td>\r\n<td>\r\n<p>\r\nThe right application integration tool can help your organization derive more business value from your distributed systems and applications and improve your operational agility. In many ways, the better application integration solutions are those based on open source software.</p></td></tr></tbody></table>',NULL,NULL,NULL,NULL,NULL,NULL,'1','',NULL,NULL,NULL,NULL,NULL,'','','_self','',NULL,NULL,NULL,NULL,'1383198896',NULL,NULL,'0','0','0');
REPLACE INTO rvs_project_page (project_page_id,rvs_usr_id,page_name,custom_page_name,rvs_component_id,page_data,page_data_zone_2,page_data_zone_3,page_data_zone_4,colume_width_1,colume_width_2,colume_width_3,rvs_layout_id,head,page_title,meta_keyword,meta_description,effect_page_enter,duration_page_enter,meta_page_effect,rvs_link_id,target,form_template_id,i_pathway,i_mail,i_print,i_favorite,last_modifier,link_active,page_type,blank_page,set_draft,is_member_page) VALUES ('a66eb8f0a6b9fd67e85df4ebdba93003','6eb136f6c13b4aa641671608694f692a','Home','','','\r\n<link rel=\"stylesheet\" id=\"camera-css\" href=\"http://www.novoproso.com/CSS/camera.css\" type=\"text/css\" media=\"all\" /><style>\r\nbody{\r\nmargin: 0;padding: 0;}\r\na {\r\ncolor: #09f;}\r\na:hover {\r\ntext-decoration: none;}\r\n</style><script type=\'text/javascript\' src=\'http://www.novoproso.com/js/Camera/jquery.min.js\'></script><script type=\'text/javascript\' src=\'http://www.novoproso.com/js/Camera/camera.min.js\'></script><script type=\'text/javascript\' src=\'http://www.novoproso.com/js/Camera/jquery.mobile.customized.min.js\'></script><script type=\'text/javascript\' src=\'http://www.novoproso.com/js/Camera/jquery.easing.1.3.js\'></script> <script>\r\njQuery(function(){\r\njQuery(\'#camera_wrap_1\').camera({thumbnails: true,time:300});\r\njQuery(\'#camera_wrap_2\').camera({height: \'300px\',loader: \'bar\',pagination: false,thumbnails: true});});\r\n</script>\r\n<table align=\"center\" style=\"width: 75%; left: 2%; right: 5%; height: 20px\">\r\n<tbody>\r\n<tr>\r\n<td style=\"font-size: meduim\"><strong>\r\n<marquee>At Novo ProSo Inc. We are committed to bringing the best software experience to consumers around\r\nthe world through innovative and creative software developments, system integration, consulting,\r\noutsourcing, and application development to name a few.</marquee></strong></td></tr></tbody></table>\r\n<table style=\"width: 75%; left: 5%; right: 5%\" align=\"center\">\r\n<tbody>\r\n<tr>\r\n<td style=\"width: 2%\"></td>\r\n<td style=\"width: 94%\">\r\n<div>\r\n<div class=\"camera_wrap camera_azure_skin\" id=\"camera_wrap_1\">\r\n<div data-thumb=\"http://www.novoproso.com/images/Camera/thumbs/Switch_thumb100x75.jpg\" data-src=\"http://www.novoproso.com/images/Camera/Switch_1_1280x800.jpg\">\r\n<div class=\"camera_caption fadeFromBottom\"><strong>Switch to Right Success Path!!!</strong></div></div>\r\n<div data-thumb=\"http://www.novoproso.com/images/Camera/thumbs/BestService_thumb100x75.jpg\" data-src=\"http://www.novoproso.com/images/Camera/BestService_1280x800.jpg\">\r\n<div class=\"camera_caption fadeFromBottom\"><strong>Provides the Best Service in Market!!!</strong></div></div>\r\n<div data-thumb=\"http://www.novoproso.com/images/Camera/thumbs/ITServices1_thumb100x75.jpg\" data-src=\"http://www.novoproso.com/images/Camera/ITServices1_1280x800.jpg\">\r\n<div class=\"camera_caption fadeFromBottom\"><strong>Tech Support.</strong></div></div>\r\n<div data-thumb=\"http://www.novoproso.com/images/Camera/thumbs/BigDataHome_thumb_100x75.jpg\" data-src=\"http://www.novoproso.com/images/Camera/BigDataHome_1280x800.jpg\">\r\n<div class=\"camera_caption fadeFromBottom\"><strong>Big Data Solutions</strong></div></div>\r\n<div data-thumb=\"http://www.novoproso.com/images/Camera/thumbs/bridge.jpg\" data-src=\"http://www.novoproso.com/images/bridge.jpg\">\r\n<div class=\"camera_caption fadeFromBottom\"><strong>Remarkable Infrastructure.</strong></div></div></div></div></td>\r\n<td style=\"width: 2%\"></td></tr></tbody></table>',NULL,NULL,NULL,NULL,NULL,NULL,'1','',NULL,NULL,NULL,NULL,NULL,'','','_self','','0',NULL,NULL,NULL,'1385450678',NULL,NULL,'0','0','0');
REPLACE INTO rvs_project_page (project_page_id,rvs_usr_id,page_name,custom_page_name,rvs_component_id,page_data,page_data_zone_2,page_data_zone_3,page_data_zone_4,colume_width_1,colume_width_2,colume_width_3,rvs_layout_id,head,page_title,meta_keyword,meta_description,effect_page_enter,duration_page_enter,meta_page_effect,rvs_link_id,target,form_template_id,i_pathway,i_mail,i_print,i_favorite,last_modifier,link_active,page_type,blank_page,set_draft,is_member_page) VALUES ('5f27e4ec0afabc4603f17953c5040fd2','6eb136f6c13b4aa641671608694f692a','policies','','','<div>\r\n<table>\r\n<tbody>\r\n<tr>\r\n<td style=\"font-style: small; font-family: cursive\"><strong>Disclaimer</strong></td></tr>\r\n<tr>\r\n<td><strong></strong><br />\r\n</td></tr>\r\n<tr>\r\n<td>\r\n<p style=\"font-family: cursive\">\r\nThe information contained in this website is for general information purposes only. The information is provided by NovoProSo Inc and while we endeavour to keep the information up to date and correct, we make no representations or warranties of any kind, express or implied, about the completeness, accuracy, reliability, suitability or availability with respect to the website or the information, products, services, or related graphics contained on the website for any purpose. Any reliance you place on such information is therefore strictly at your own risk.\r\n\r\n\r\nIn no event will we be liable for any loss or damage including without limitation, indirect or consequential loss or damage, or any loss or damage whatsoever arising from loss of data or profits arising out of, or in connection with, the use of this website.\r\n\r\n\r\nThrough this website you are able to link to other websites which are not under the control of NovoProSo Inc. We have no control over the nature, content and availability of those sites. The inclusion of any links does not necessarily imply a recommendation or endorse the views expressed within them.\r\n\r\n\r\nEvery effort is made to keep the website up and running smoothly. However, NovoProSo Inc takes no responsibility for, and will not be liable for, the website being temporarily unavailable due to technical issues beyond our control.</p></td></tr>\r\n<tr>\r\n<td style=\"font-style: small; font-family: cursive\"><strong>Privacy Policy</strong></td></tr>\r\n<tr>\r\n<td>\r\n<p style=\"font-family: cursive\">\r\nThis privacy policy sets out how NovoProSo Inc uses and protects any information that you give NovoProSo Inc when you use this website.\r\n\r\n\r\nNovoProSo Inc is committed to ensuring that your privacy is protected. Should we ask you to provide certain information by which you can be identified when using this website, then you can be assured that it will only be used in accordance with this privacy statement.\r\n\r\n\r\nNovoProSo Inc may change this policy from time to time by updating this page. You should check this page from time to time to ensure that you are happy with any changes. This policy is effective from [launch date].</p></td></tr></tbody></table></div>',NULL,NULL,NULL,NULL,NULL,NULL,'1','',NULL,NULL,NULL,NULL,NULL,'','','_self','','0',NULL,NULL,NULL,'1385455054',NULL,NULL,'0','0','0');
REPLACE INTO `rvs_publish` (`project_id`, `rvs_publish_protocal`, `rvs_publish_domain`, `rvs_publish_path`, `rvs_domain_path`) VALUES ('63b1a0180d9875b204b0a59a673b5c13', 'http', 'novoproso.com', '', '/home/novopros/public_html');
REPLACE INTO `rvs_side_to_project` (`rvs_side_id`, `project_id`) VALUES ('819cc57062ead3dc6e45f29a60c79613', '63b1a0180d9875b204b0a59a673b5c13');
REPLACE INTO `rvs_side_to_project` (`rvs_side_id`, `project_id`) VALUES ('92752444eeec186ad197b6bc4dd3f509', '63b1a0180d9875b204b0a59a673b5c13');
REPLACE INTO `rvs_side_to_project` (`rvs_side_id`, `project_id`) VALUES ('e3ca79bfc992e7a08e17cad5fc3e3cc8', '63b1a0180d9875b204b0a59a673b5c13');
REPLACE INTO `rvs_side` (`rvs_side_id`, `side_config`, `side_value`) VALUES ('819cc57062ead3dc6e45f29a60c79613', 'bottom', '<div>\r\n<style>\r\na,u {\r\ntext-decoration:none;\r\n}\r\n</style>\r\n<table align=\"center\" border=\"0\" cellspacing=\"0\" cellpadding=\"0\">\r\n<tbody>\r\n<tr style=\"font-size: small\">\r\n<td><strong>o</strong></td>\r\n<td>&nbsp;</td>\r\n<td style=\"font-weight: bold\">&nbsp;<strong><a href=\"http://novoproso.com/policies.php\"><font color=\"blue\">Disclaimer</font></a></strong></td>\r\n<td>&nbsp;</td>\r\n<td><strong>o</strong></td>\r\n<td>&nbsp;</td>\r\n<td style=\"font-weight: bold\">&nbsp;<strong><a href=\"http://novoproso.com/policies.php\"><font color=\"blue\">PrivacyPolicy</font></a></strong></td>\r\n<td>&nbsp;</td>\r\n<td><strong>o</strong></td>\r\n<td>&nbsp;</td>\r\n<td>&nbsp;</td>\r\n<td>&nbsp;</td>\r\n<td>&nbsp;</td>\r\n<td style=\"font-weight: bold\">\r\nCopyright © 2008-2011 www.novoproso.com. All Rights Reserved</td>\r\n<td>&nbsp;</td>\r\n<td>&nbsp;</td>\r\n\r\n</tr>\r\n</tbody>\r\n</table>\r\n</div>\r\n<div>\r\n<table align=\"right\">\r\n<tr>\r\n<td align=\"right\">\r\n<a href=\"http://facebook.com/\" target=\"_blank\">\r\n<img alt=\"\" src=\"http://novoproso.com/images/facebook.gif\" /></a>\r\n&nbsp;<a href=\"https://twitter.com/\" target=\"_blank\">\r\n<img alt=\"\" src=\"http://novoproso.com/images/twitter.gif\" /></a>\r\n&nbsp;<a href=\"http://www.linkedin.com/company/\" target=\"_blank\">\r\n<img alt=\"\" src=\"http://novoproso.com/images/linkedin.gif\" /></a>\r\n</td>\r\n\r\n</tr>\r\n</table>\r\n</div>');
REPLACE INTO `rvs_side` (`rvs_side_id`, `side_config`, `side_value`) VALUES ('92752444eeec186ad197b6bc4dd3f509', 'top', '');
REPLACE INTO `rvs_side` (`rvs_side_id`, `side_config`, `side_value`) VALUES ('e3ca79bfc992e7a08e17cad5fc3e3cc8', 'side1', '');
REPLACE INTO `rvs_template_item` (`template_item_id`, `products_id`, `template_id`, `template_item_folder`, `template_type_s_preview`, `color_id`, `picture_id`) VALUES ('8454658a0f7d0490d017685d3ecf48bb', '17-604-1', '8454658a0f7d0490d017685d3ecf48bb', '17-604-1_darkgreen_earth_2', 'jpg', '28', '3be8c82484190846ecd8ab406398787b');
REPLACE INTO `rvs_template_item_navigator_color` (`template_item_id`, `custom_color_group_id`) VALUES ('8454658a0f7d0490d017685d3ecf48bb', '4');
REPLACE INTO `rvs_template` (`template_id`, `default_template_item_id`, `default_template_item_id2`, `font_id`, `menustyle_id`, `navigator_id`, `default_layout_id`, `sort_priority`, `cdate`) VALUES ('8454658a0f7d0490d017685d3ecf48bb', '8454658a0f7d0490d017685d3ecf48bb', '', '12', '2', '75', 'cdf21ab2d905385cc8c9d86c0a3a0b0a', '0', '1270425600');
REPLACE INTO `rvs_menustyle` (`menustyle_id`, `menustyle_description`) VALUES ('2', 'horizontal');
REPLACE INTO `rvs_template_categories_xref` (`template_id`, `rvs_category_id`) VALUES ('8454658a0f7d0490d017685d3ecf48bb', '4');
REPLACE INTO `rvs_template_categories_xref` (`template_id`, `rvs_category_id`) VALUES ('8454658a0f7d0490d017685d3ecf48bb', '17');
REPLACE INTO `rvs_template_type_xref` (`template_id`, `template_type_id`) VALUES ('8454658a0f7d0490d017685d3ecf48bb', '4');
REPLACE INTO `rvs_template_type` (`template_type_id`, `template_type_name`) VALUES ('4', 'Bright');
REPLACE INTO rvs_usr (rvs_usr_id,user_name,charset_id) VALUES ('6eb136f6c13b4aa641671608694f692a','novopros','0');
